. What is the highest common divisor of o and 14?
7
Suppose 57 = -2*k + 2*s + 193, 0 = -2*k - 3*s + 156. Suppose -4*l - 3 - 5 = 0, k = 2*y - 2*l. Let n = y + -25. Calculate the greatest common factor of 3 and n.
3
Suppose -3*x + 5 = -2*x. Suppose 46 + 34 = 2*t. Let y be t*(-4)/12*-3. What is the highest common divisor of x and y?
5
Let n(j) = j**3 - 12*j**2 - 17*j + 8. Let o be n(14). Suppose 2*t - a - 85 = o, a = -4*t + 509. Calculate the highest common factor of 36 and t.
18
Let c be (6/5)/(4/10). Let d be 1/c + (-10)/(-6). Let u be 3/(-3)*-2 + d. What is the highest common divisor of 10 and u?
2
Suppose -2*k - 54 = -2*r, 4*k = -0*r - 2*r + 30. Let t = r + -16. Suppose t = z + 3. Calculate the highest common factor of 44 and z.
4
Suppose -5*r - 22*t = -25*t - 1465, -4*t = -4*r + 1164. Calculate the greatest common factor of 16 and r.
8
Let h be (-21)/9*(-144)/28. Suppose 119 = 5*n - 1. Suppose -5*i = 2*g - n, 2*i - 6 - 8 = -3*g. What is the greatest common divisor of h and i?
4
Suppose -3*s - y + 68 + 50 = 0, s - 3*y = 46. What is the greatest common factor of s and 280?
40
Let q(x) = -25*x + 4. Let h be q(-2). Calculate the highest common divisor of h and 63.
9
Suppose -4*x = -1719 + 123. Suppose 4*o = -4*w + 1176, 4*o - 80 + x = w. What is the highest common factor of w and 23?
23
Let u be (-806)/(-8) - -1 - (-6)/24. Calculate the greatest common factor of u and 6.
6
Let h be (-6)/(-9) + 44/(-12). Let x be (1 - 6/h) + (-270)/(-6). Calculate the greatest common divisor of 6 and x.
6
Suppose 3*p + 2 = -3*g + 23, -5*p = -5. Let x(y) = 14*y**2 + y + 1. Let v be x(-2). Suppose 1 = -g*c + v. Calculate the highest common factor of 72 and c.
9
Suppose -21*x - 82 = -439. Calculate the greatest common divisor of 629 and x.
17
Let p(g) = -g**3 - 15*g**2 - 30*g - 15. Let s be p(-13). What is the highest common divisor of s and 1813?
37
Suppose 5*h = 8*h - 6. Let y be (14 - h*-1)/(10/15). Calculate the highest common divisor of y and 96.
24
Suppose 8*w - 6*w = -8. Let u be (0 - w)/(-1*(-6)/60). Calculate the highest common divisor of 10 and u.
10
Let x = -2 - -8. Let k be (2/(-4))/(15/(-90)). What is the greatest common divisor of k and x?
3
Let m(k) = k**3 - 3*k**2 - 15*k + 30. Let r be m(6). Calculate the highest common factor of r and 160.
16
Let n be (-12)/15*20/8. Let v be 2/((-28)/(-7) + 6/n). Let b = -29 - -45. Calculate the greatest common factor of v and b.
2
Suppose -3*d = -5*w + 15, -3*w + 2*w + 3*d + 15 = 0. Suppose -t + 6*a - a + 1 = w, 3*t + 2*a = 20. Calculate the highest common factor of 66 and t.
6
Let n(p) = -2*p**3 + 9 + 2 - 16*p**2 + p**3 - p. Let f be n(-16). What is the greatest common divisor of 18 and f?
9
Suppose 0 = -3*c - 4*q - 8, 4*c + 0 - 1 = -3*q. Suppose -m + 0 + 28 = 4*n, 4*m - 76 = -c*n. What is the highest common factor of 2 and m?
2
Suppose -2*l - 144 + 544 = 0. Calculate the highest common factor of l and 250.
50
Let w(j) = j**2 + 3. Let l be w(-2). Let z be (-3)/(-12) + l/4. Suppose b + 10 = -4*s, -3*b = b + z*s - 2. Calculate the greatest common divisor of 3 and b.
1
Let g = 2487 + -1683. What is the greatest common divisor of 24 and g?
12
Let g(t) = 8*t + 63. Let q be g(-10). Let r = q + 71. What is the greatest common divisor of 72 and r?
18
Suppose -4*j - 2*t + t + 738 = 0, 730 = 4*j - 3*t. What is the highest common factor of 46 and j?
46
Let b = -786 + 834. Calculate the greatest common divisor of b and 60.
12
Let j = -53 - -89. Let r = -4 + j. What is the greatest common divisor of 16 and r?
16
Let i(v) = v**2 + v. Let g(x) = -2*x + 3. Let t(b) = g(b) + i(b). Let m be t(-4). Let r = m + -9. What is the highest common divisor of r and 42?
14
Let r(l) = -91*l**3 - l**2 - 2*l - 1. Let i = -13 - -12. Let s be r(i). Let f = -15 + s. What is the highest common divisor of f and 19?
19
Let w = 49 - 67. Let j be (-5)/1 - (-7 + w). Let a = 36 + -26. Calculate the greatest common divisor of a and j.
10
Let t = 456 - 264. Calculate the greatest common divisor of t and 18.
6
Let z(v) = v + 1. Let s be z(5). Let x be (15 - 129)*(-2)/s. Let c(t) = -48*t - 1. Let f be c(-2). What is the highest common divisor of f and x?
19
Let y = -5 + 9. What is the greatest common factor of y and 5?
1
Let x(l) = 7*l - 1. Suppose 0*u + u - 10 = 0. Let f = u - 7. Let g be x(f). Calculate the highest common divisor of 50 and g.
10
Let z = 62 + -59. Let f = -210 - -329. Suppose 46 + f = 5*a. Calculate the greatest common divisor of z and a.
3
Suppose 10*t - 200 = 9*t. What is the greatest common factor of t and 80?
40
Let f be 4/14 + (-78)/(-21). Suppose l = -l + f. Suppose -11*x = -6*x - 50. Calculate the highest common divisor of l and x.
2
Let n(q) = q**3 + 13*q**2 - 2*q - 14. Let b(c) = -c**3 - 9*c**2 - 4*c + 19. Let m be b(-8). Let f be n(m). What is the greatest common factor of 12 and f?
12
Suppose 2*r - 54 = 3*r. Let z = -6 - r. Let k(n) = 18*n - 4. Let x be k(2). What is the greatest common factor of z and x?
16
Let o(w) = w + 14. Suppose 3*h - 9 = -45. Let x be o(h). Let k = 2 + x. Calculate the highest common factor of k and 4.
4
Let q(m) = m**3 - 22*m**2 + 25*m - 21. Let w be q(21). Calculate the highest common factor of w and 777.
21
Suppose 5*b + 62 = 4*r, -4*r - r + 65 = -5*b. Let f be 10 + 1 + b/5. Calculate the greatest common divisor of f and 36.
9
Let p = 9 - 4. Suppose 5*t + 6 = -k - 8, t + 1 = -2*k. Calculate the highest common divisor of p and k.
1
Suppose 3*u = -11 + 29. Let j be (u + -3)*(-374)/(-3). Let n = -219 + j. Calculate the greatest common divisor of 31 and n.
31
Let w = 43 + -25. Suppose 0 = 3*t + 4*y - 19, y + 0*y - 25 = -3*t. Calculate the highest common factor of t and w.
9
Let a be 22 + 12 + (-4 + 5 - 1). Calculate the highest common factor of 527 and a.
17
Suppose 3*w - 249 = 3*v, 2*w - 3*w - 4*v = -78. Let m = w + -61. Calculate the highest common factor of m and 336.
21
Suppose 80 = 6*o - 508. Suppose 9*d - o = 19. What is the highest common divisor of d and 143?
13
Suppose 0 = -0*v + 3*v - 273. Let t be 546/105*((-15)/2)/(-3). Calculate the highest common factor of v and t.
13
Suppose 5*q + 85 = 690. What is the greatest common factor of 11 and q?
11
Suppose -4*d - 17 = -t, 5*t + 3*d = 2*d + 1. Let p = -1150 + 1161. Calculate the greatest common factor of t and p.
1
Let h(d) = d**2 + 9*d + 15. Let s be h(-2). What is the highest common factor of 97 and s?
1
Let m(d) = -d**3 - 16*d**2 - 4*d + 21. Let z be m(-17). What is the greatest common factor of 210 and z?
42
Let a be (3/(-9))/(2/(-12)). Suppose a*j = 92 + 34. Let f be 28/12*(-6)/(-2). What is the highest common factor of f and j?
7
Suppose 8*k + 49 = 145. Calculate the highest common divisor of 156 and k.
12
Let b(j) = -5*j**3 - 94*j**2 + 10*j - 9. Let c be b(-19). What is the greatest common factor of 108 and c?
54
Let t = 47 + 55. Let z = t - 91. What is the greatest common factor of 88 and z?
11
Let j(k) = -5*k + 8. Let n be j(2). Let x(c) = -c**3 + 5*c**2 + 4*c - 2. Let a be x(n). What is the highest common factor of a and 72?
18
Let h be 64/(-12) - (-2)/(-3). Let n be 1*-3*142/h. Let r = n + -39. What is the highest common divisor of 16 and r?
16
Suppose 0 = -p - 4*p + 100. Let h = -28 + p. Let y be (-22)/h - 1/(-4). Calculate the highest common divisor of y and 3.
3
Suppose -4 = -4*m + 4. Suppose 2*i - m = -w + 6, -5*w = -20. What is the highest common factor of 8 and i?
2
Suppose 5*n - 458 = n - q, -123 = -n + 4*q. Suppose 3*l + 0*w + 2*w = 88, 4*l = -5*w + n. What is the highest common factor of l and 45?
15
Suppose 0 = 3*p - 3*x - 27, -4*p + 20 = 4*x - 8. Let c = p - 5. Suppose 0 = c*q - 0*q - 9. Calculate the highest common divisor of q and 9.
3
Suppose -4 = -4*y, -5*j - 2*y = -3*y - 659. Calculate the highest common factor of 308 and j.
44
Suppose 0 = 3*x + 4*w - 267 - 30, 0 = 5*x + 3*w - 495. Calculate the greatest common divisor of 9 and x.
9
Let q = 360 - 173. Suppose 0 = 5*c - 4*x - q, -30 = -c - 3*x - 4. Calculate the greatest common factor of c and 175.
35
Let p = -54 + 50. Let a = 139 - p. What is the highest common divisor of a and 13?
13
Let y = -1 + 8. Suppose 4*b - 18 = 2. Suppose i = -b*c - 2*i + 233, -2*c - 3*i + 86 = 0. What is the greatest common factor of y and c?
7
Let z(s) = s + 243. Let j be z(-6). Calculate the 